05 prime?
False
Is 467683 prime?
False
Is 5639 prime?
True
Is 55597 composite?
True
Is 162953 a composite number?
True
Is 166997 composite?
True
Is 5189 prime?
True
Is 2958599 a composite number?
True
Is 3989 prime?
True
Is 18591 composite?
True
Is 32245 a prime number?
False
Is 65959 prime?
False
Is 1838167 a composite number?
False
Is 64373 prime?
True
Is 954757 prime?
True
Is 84641 prime?
False
Is 486323 a prime number?
True
Is 49597 composite?
False
Is 926093 prime?
False
Is 42641 composite?
False
Is 115897 a composite number?
True
Is 237997 a prime number?
True
Is 1451009 prime?
False
Is 282657 a composite number?
True
Is 315899 a composite number?
False
Is 63823 prime?
True
Is 62179 a prime number?
False
Is 4083 a composite number?
True
Is 8923 a prime number?
True
Is 1046857 composite?
True
Is 28321 a composite number?
True
Is 3205 prime?
False
Is 1399 a composite number?
False
Is 162007 prime?
True
Is 416473 a composite number?
False
Is 127 a prime number?
True
Is 5981 a composite number?
False
Is 7187 prime?
True
Is 588337 a prime number?
False
Is 15203 prime?
False
Is 215573 composite?
False
Is 14261 a composite number?
True
Is 7349 composite?
False
Is 6407 prime?
False
Is 55681 prime?
True
Is 373753 a composite number?
False
Is 1799 a prime number?
False
Is 99037 composite?
True
Is 56659 a composite number?
False
Is 43103 a composite number?
False
Is 45427 a prime number?
True
Is 35771 composite?
False
Is 41581 a prime number?
False
Is 14023 prime?
False
Is 250017 composite?
True
Is 540013 a prime number?
False
Is 2923 a composite number?
True
Is 3455 a composite number?
True
Is 12297 a prime number?
False
Is 18671 a prime number?
True
Is 8639 a prime number?
False
Is 16183 composite?
False
Is 10079 composite?
False
Is 97753 a composite number?
True
Is 2039 a composite number?
False
Is 23801 a prime number?
True
Is 8329 a composite number?
False
Is 743594 composite?
True
Is 36739 prime?
True
Is 154763 composite?
True
Is 36221 prime?
False
Is 42553 prime?
False
Is 53651 prime?
False
Is 87883 prime?
False
Is 349003 prime?
False
Is 308486 a composite number?
True
Is 64933 prime?
False
Is 1182509 prime?
True
Is 50723 a composite number?
False
Is 42263 a composite number?
True
Is 338231 a prime number?
True
Is 6127 a prime number?
False
Is 72595 composite?
True
Is 1047029 a prime number?
False
Is 2191 a prime number?
False
Is 70423 a prime number?
True
Is 603619 composite?
True
Is 4391 prime?
True
Is 154139 prime?
False
Is 469 prime?
False
Is 401689 prime?
True
Is 49871 prime?
True
Is 226901 a composite number?
False
Is 14267 a composite number?
True
Is 2879 composite?
False
Is 2071811 composite?
True
Is 4754 a prime number?
False
Is 6187 a composite number?
True
Is 20161 prime?
True
Is 679 a composite number?
True
Is 149203 a composite number?
True
Is 33661 a composite number?
True
Is 13841 prime?
True
Is 3909755 a prime number?
False
Is 64591 composite?
False
Is 6839 a composite number?
True
Is 31387 prime?
True
Is 1055 a prime number?
False
Is 1113877 a composite number?
False
Is 557 a composite number?
False
Is 5946989 a prime number?
False
Is 11993 prime?
False
Is 3101111 a composite number?
True
Is 67903 a composite number?
True
Is 9527 a prime number?
False
Is 2039 prime?
True
Is 8923 a prime number?
True
Is 311677 prime?
True
Is 2259889 prime?
True
Is 1318313 prime?
True
Is 395407 composite?
False
Is 3457 composite?
False
Is 99643 a composite number?
False
Is 408743 composite?
False
Is 226087 a composite number?
False
Is 717629 a prime number?
False
Is 165302 composite?
True
Is 557 a prime number?
True
Is 99071 a composite number?
True
Is 12793 a prime number?
False
Is 3899 a prime number?
False
Is 6739 composite?
True
Is 3755 prime?
False
Is 991 composite?
False
Is 37919 prime?
False
Is 3223 prime?
False
Is 114071 a prime number?
False
Is 133877 a prime number?
True
Is 809 prime?
True
Is 992518 prime?
False
Is 2777 a prime number?
True
Is 35027 composite?
False
Is 54521 a prime number?
True
Is 41579 prime?
True
Is 7396517 a composite number?
False
Is 57587 composite?
False
Is 27361 prime?
True
Is 136943 prime?
True
Is 16997 a prime number?
False
Is 301298 composite?
True
Is 140587 composite?
False
Is 7066 a prime number?
False
Is 9143 prime?
False
Is 70163 prime?
True
Is 375941 a prime number?
False
Is 32987 composite?
False
Is 22459 a composite number?
True
Is 33365 a prime number?
False
Is 2309 prime?
True
Is 251 prime?
True
Is 437849 a composite number?
False
Is 9019 a composite number?
True
Is 17327 prime?
True
Is 23923 prime?
False
Is 1158977 prime?
True
Is 135887 composite?
False
Is 19031 a prime number?
True
Is 173807 a prime number?
True
Is 101951 prime?
False
Is 2998 a composite number?
True
Is 8939 a prime number?
False
Is 11273 prime?
True
Is 46117 prime?
False
Is 1278103 prime?
False
Is 3113 prime?
False
Is 1517 composite?
True
Is 14563 a prime number?
True
Is 34766 prime?
False
Is 41371 prime?
False
Is 42493 composite?
True
Is 258943 a composite number?
True
Is 26029 composite?
False
Is 4421 composite?
False
Is 1333 a composite number?
True
Is 353329 composite?
False
Is 2039 prime?
True
Is 68923 a prime number?
False
Is 276103 prime?
False
Is 5147 a prime number?
True
Is 36401 a prime number?
False
Is 519991 a composite number?
True
Is 1062553 a prime number?
False
Is 406369 composite?
True
Is 70753 a prime number?
True
Is 1117 composite?
False
Is 18229 prime?
True
Is 1009417 a composite number?
False
Is 1941 composite?
True
Is 5255 a prime number?
False
Is 9287 a prime number?
False
Is 10993 a composite number?
False
Is 21517 composite?
False
Is 42641 prime?
True
Is 42059 composite?
True
Is 3761 a prime number?
True
Is 68806 composite?
True
Is 13553 prime?
True
Is 3079 composite?
False
Is 234587 a prime number?
True
Is 749 prime?
False
Is 426019 composite?
True
Is 145963 prime?
True
Is 7069 a composite number?
False
Is 537437 composite?
True
Is 4442 a composite number?
True
Is 3787 a prime number?
False
Is 127331 prime?
True
Is 2095189 a composite number?
False
Is 1859521 prime?
True
Is 27787 composite?
True
Is 15559 a composite number?
False
Is 87167 prime?
False
Is 25439 a prime number?
True
Is 8191 a prime number?
True
Is 39007 a composite number?
True
Is 4189 a composite number?
True
Is 254105 composite?
True
Is 19523 a composite number?
True
Is 464467 composite?
False
Is 150643 prime?
False
Is 14997 prime?
False
Is 98399 a composite number?
True
Is 140095 a composite number?
True
Is 195863 a prime number?
True
Is 61003 a prime number?
False
Is 37781 a composite number?
False
Is 3524821 a composite number?
False
Is 284803 prime?
True
Is 516931 prime?
True
Is 7819 composite?
True
Is 4358 prime?
False
Is 1722983 a composite number?
False
Is 587 prime?
True
Is 519391 a prime number?
True
Is 36763 composite?
True
Is 88823 prime?
False
Is 54803 prime?
False
Is 16294 composite?
True
Is 100231 a prime number?
False
Is 337 composite?
False
Is 37421 a prime number?
False
Is 19797 a prime number?
False
Is 10079 composite?
False
Is 14173 a prime number?
True
Is 20153 composite?
True
Is 11617 a prime number?
True
Is 154667 prime?
True
Is 345131 prime?
False
Is 943 a prime number?
False
Is 3613 a composite number?
False
Is 762997 prime?
False
Is 782413 composite?
True
Is 19417 prime?
True
Is 46933 prime?
True
Is 17943 a prime number?
False
Is 81071 a prime number?
True
Is 659807 a prime number?
False
Is 39481 prime?
False
Is 73199 a prime number?
False
Is 19231 prime?
True
Is 35143 prime?
False
Is 812909 a composite number?
True
Is 107243 prime?
True
Is 112643 a composite number?
False
Is 36973 a composite number?
False
Is 3453 a composite number?
True
Is 285431 a prime number?
False
Is 233747 composite?
False
Is 142897 composite?
False
Is 19931 composite?
True
Is 455485 composite?
True
Is 61823 prime?
False
Is 537 composite?
True
Is 47191 a composite number?
True
Is 7817 a prime number?
True
Is 56807 a prime number?
True
Is 30001 a prime number?
False
Is 24379 a prime number?
True
Is 41671 a prime number?
False
Is 7229 a prime number?
True
Is 6242 composite?
True
Is 5501 a composite number?
False
Is 12827 composite?
True
Is 222653 composite?
True
Is 4413 composite?
True
Is 3821 prime?
True
Is 14611 a prime number?
Fal